is (4 - 1) + (-11 - (0 - 2) - 37)?
-43
Evaluate -2 + 7 + 1 + (-22 - (18 - 12 - 40)).
18
What is the value of (93 - (-22 + 60)) + -44?
11
What is 13 + 10 - (-2 + (2 - -3)) - (14 - 19)?
25
Evaluate -174 + 148 + 3 + 29.
6
Evaluate 5498 - 5357 - (-3 - -52).
92
2 + 8 + 8 + -16 + -65
-63
What is 951 + -991 + (-78 - 3)?
-121
Calculate -37 - (-15 - -45 - 38).
-29
Evaluate (-84 - -11) + 563 + -560.
-70
Evaluate (-1 - -38) + -40 - (0 - -5).
-8
(-7 - 36) + (-19 - -26)
-36
Calculate 124 - (61 - -33) - (1 + -1).
30
7 - (8 + -27 + 13) - (109 + -10 + 4)
-90
Calculate 8 - (-13 + -4 + 11 + 6) - 108.
-100
Calculate -1 + 6 + -71 - (2 + (-11 + 16 - 16)).
-57
What is 39 - (0 + (-18 - (9 - 15)) - (-5 + 2))?
48
Calculate -49 - (-35 - -3 - -10).
-27
What is 93 + (-31 - (99 + -46))?
9
Calculate 33 + -3 + -61 - (-60 - -5).
24
Calculate (-27 - 6) + 76 + -74 + 29.
-2
-14 + 18 - (-5 - (2 + 0 + 2))
13
43 - 22 - -29 - -11
61
Evaluate 12 + 4 - (-57 - -25).
48
1 + 4 - (228 + -280 - ((-8 - 0) + 20))
69
Evaluate (92 + -86 - 109) + 11.
-92
What is the value of (12 - 0) + -147 + (-97 - -232)?
0
Calculate (-11 + 17 - -3) + -18 + -8 + 6.
-11
What is (-11 - -116) + 350 + -383?
72
Evaluate -2 - (7 - 1) - (5 + 8 - -1 - 14).
-8
Evaluate -47 + (10 + -5 - 5) + -3 + -1 + 5.
-46
-13 - (2 - (59 + -2) - (-52 + (-29 - -67)))
28
5 - (-8 + 1 + 0 + (44 + -2 - -68))
-98
Calculate -73 - (6 + -13 - (6 - (7 - -1) - 11)).
-79
-58 - ((28 - 56) + 1)
-31
-1 + 11 + (-16 - -13)
7
What is the value of -118 + 115 + 23 + -61?
-41
Calculate (101 + 0 + -3 - (61 + -61)) + (9 - 7).
100
What is the value of -45 + (24 - (-11 - (49 - 100)))?
-61
Evaluate 2 - (-3 + 2) - (-143 - 63 - -229).
-20
(35 - 139) + 57 + -30
-77
Calculate -24 + (18 - 11) + 19 - 48.
-46
What is the value of 1 + (0 - 2) + -60 + (-46 - -93)?
-14
Evaluate (12 - 5) + (133 - 51) - (-1 - (-3 - -5)).
92
What is (166 - 231) + 108 + 1?
44
(-131 - (29 - 48)) + 232
120
Calculate (-3 - (54 - 42)) + 15.
0
Calculate 11 - (4 + 18 + (3 - 19) - 14).
19
-28 + -48 + 47 + (0 - (3 + 0))
-32
What is (2 - -16) + -12 - 15 - (-6 + -67 - 11)?
75
Calculate 6 + (-6 - -6) - (13 + -1 + 0 - 38).
32
Calculate 25 + 5 + -12 + -16 - -12.
14
Evaluate 89 + -35 - 104 - -29.
-21
Calculate (-11 + 5 - -26) + -207 + 211.
24
(-14 + 56 + -17 - 20) + -19 + 0
-14
Calculate 16 - (-16 - (-1 - -68 - -3)) - 16.
86
What is (-10 - 0) + (-3 - -52 - 28) + (-1 - -12)?
22
What is (2 - -11 - 3) + (10 - -17 - (0 + -5))?
42
What is the value of (9 - 2) + (-43 - (0 - 35))?
-1
Calculate ((-1 - -12) + -14 - 49) + (8 - (2 + -6)).
-40
Calculate -118 + (-13 - -43) + 188.
100
Evaluate 26 - ((-6 - -1) + (-125 + 62 - -55)).
39
Calculate 35 - (20 + 9 + (-33 - -13)).
26
-11 + 2 - ((-2 + 6 - -42) + -14)
-41
What is 20 - (-22 - -12 - (-10 - 4) - 0)?
16
Evaluate 64 + 278 + -261 + 1 + -10.
72
What is 7 + (-8 - 1 - -10) + 23 + 14?
45
Calculate (-58 - (12 - 1)) + 21 - -15.
-33
71 + (-96 - (32 - 109))
52
Evaluate (-4 - 33) + (10 - -3) + 12.
-12
Evaluate -161 - (1159 + -1146 - (0 - -61)).
-113
What is -3 + 0 - (-171 + 127)?
41
What is the value of (1549 - 1532) + 0 + -13 - (-14 - 1)?
19
What is 26 + (6 + -5 - 12) - (-2 + 3)?
14
Calculate (53 + -134 - -21) + 45.
-15
-28 + (65 - 2 - (62 + -34))
7
What is the value of 24 - (12 + 4 + -22) - (6 - 1)?
25
What is -177 - -150 - (2 - (2 + -2 + (2 - 5)))?
-32
-50 + (5 - -4) + (-15 - (-2 + 1))
-55
Evaluate -26 + (-6 - -7) + -12 - (5 - -9).
-51
What is (34 - 74 - 46) + (8 + -10 - -10)?
-78
What is (-7 - -4 - -4) + 2 - (-275 + 321)?
-43
What is -8 + 4 + (0 - 37) + (-26 - (75 + -101))?
-41
-3 + (14 - ((13 - 0) + 6)) + -7
-15
What is the value of -26 + 57 + (-3 - (-8 + 19))?
17
What is the value of (2 - 4) + -101 + -1 + 194 + -236 + 40?
-106
Calculate -8403 - -8396 - (80 - 1).
-86
What is the value of -7 + (-28 - -23) + 14 + 2 + -65?
-61
Calculate 91 + (209 - 262) + (1 - -16).
55
What is 56 + -13 + 17 + (3 - -1 - (-7 + 12))?
59
-6 + 17 - ((97 - 56) + -92)
62
What is the value of 56 + 1 + -163 + 97?
-9
Calculate 23 - (-2 - (-7 - 8 - -27)).
37
What is -76 + 35 + -32 + 56?
-17
Evaluate 49 - 35 - 65 - -30.
-21
What is the value of 26 + -10 + (-103 - 1) + -6 + 2?
-92
11 + (7 - 3) + (8 + -20 - 6)
-3
What is the value of (259 + -240 - (5 - (-29 - -2))) + 84?
71
-1 - 45 - (68 + -48 - (0 - -31))
-35
Evaluate 23 + -11 + -5 - (0 + 59 - -1).
-53
5 + (43 - 31) - (0 - -11) - 46
-40
Evaluate -41 - -6 - -4 - (-43 + 51).
-39
Evaluate 15 + 11 + -37 - (2 + -29).
16
1 - -21 - (1458 - 1430)
-6
Evaluate -31 + (161 - (-111 + 228)).
13
Calculate -14 + (-1 - -6) + 77 + -78 + -65.
-75
What is the value of (174 - 85) + (-28 - (-51 + 30))?
82
What is the value of 5 + -18 + 13 - (-83 - -41)?
42
What is the value of -6 - (11 - 21) - (8 + -4 + 56 + -2)?
-54
What is the value of 49 - (100 + 2) - 19?
-72
Evaluate (0 - -7 - (-28 + (20 - 0) - -15)) + -90.
-90
Evaluate -1857 + 1915 - (55 + -2).
5
What is the value of 19 + -21 + 24 - 69?
-47
What is (12 - 18) + 26 - -25?
45
What is -9 + 78 - (21 - (14 - 10))?
52
What is the value of -18 - (-29 - -76 - 33)?
-32
What is 2 + 9 + 12 + (16 - 18) + 2?
23
What is 100 + (-61 + 81 - 89)?
31
What is the value of 2 + 2 - ((-58 + 11 - -28) + 96)?
-73
Evaluate -1 - 2 - (103 - (122 + -38)).
-22
Calculate 3 + -3 + -12 + (-19 - -27 - (-1 - -18)).
-21
What is the value of -13 + 4 - ((-57 - (-28 - 33)) + 43 + 0)?
-56
What is 24 + -1 + 1 + (81 - 74)?
31
What is (-7 - (-4 - 11) - 8) + (-16 - 39)?
-55
Calculate -125 - (174 - 292) - ((-1 - -1) + -1).
-6
Evaluate -5 - (88 + -88 + -11 + 9 + -3).
0
What is the value of -79 - ((-36 - (-21 + 8 + 1)) + 15)?
-70
Calculate -5048 + 5139 + (3 - 45).
49
109 + -10 - (-44 + (-59 - -125))
77
Calculate ((-3 - 7 - -9) + 6 + -5 - 2) + 52.
50
What is the value of (1 - -7) + (8 + -46 + 16 - -5)?
-9
Calculate (46 - 39 - (-1 - 1 - -4)) + (1369 - 1455).
-81
Calculate 245 - (141 + -100 + 84).
120
What is the value of 61 + (50 - 91) - (-36 - 1)?
57
-17 + 50 + -44 + 31
20
Evaluate 3 + 14 - 68 - -82.
31
What is (-7 - -12 - -5) + 8 + (12 - -23)?
53
What is 35 + -34 - (-24 - (-9 + 0))?
16
What is the value of (-10 - (1 - 1)) + (-15 - (43 + -70)) + -18?
-16
Evaluate 4 + (-7 + -5 + -9 - (-10 + -2)).
-5
What is 34 + (-4 - (-22 - (2 - 3))) + 140 + -147?
44
What is the value of 503 + -443 - (-4 - -2 - -20)?
42
-2 - (-48 - 0 - (-606 - -599) - -17)
22
Calculate 26 + 9 + (14 + -1 - -1) + -15.
34
Calculate -69 + 132 - ((1 - 14) + 37).
39
-10 + (-27 - (25 + -19 - 108))
65
What is the value of (204 + -184 - (0 - -26)) + 1 + (4 - 64)?
-65
What is (1 - -9) + 31 + -25 + 23 - -5?
44
Evaluate 29 - (12 - (26 - (23 + -5))).
25
Calculate (14 - (1 + 1)) + -634 + 611 + 22.
11
Calculate (-101 - -90) + 0 + 1 + 43 + 1.
34
Evaluate 21 - (3 + -3) - ((6 - (-5 + 7)) + -4).
21
What is (61 - 1 - (45 + -39 - -4)) + -2?
48
Calculate -27 + (-56 - -19 - -26 - -86).
48
Evaluate (-16 - (-33 + (-3 - -5))) + (1 - 8).
8
What is the value of (-36 - -33) + (65 - 9) - (16 + -2)?
39
Evaluate (-14 - -6) + 14 + (12 - 24).
-6
Calculate -15 - ((-1 - -12 - (33 + -35)) + -25) - -59.
56
What is the value of (-531 - -540) + 19 + 0?
28
What is the value of (-22 - 0) + 46 + (-141 - -176)?
59
What is -15 + -1 + (31 - (-42 + (8 - 16)))?
65
16 - (22 + -104 + 18 - -21)
59
What is 11 + -19 + (11 - 6) + -9 - 11?
-23
Evaluate 52 + -134 + 72 + -2 + 47 + 0 + -4.
31
What is the value of 11 - (45 - (-22 - -44)) - -82?
70
0 - (-51 - (-156 - -56))
-49
What is the value of -4 + 16 + 34 + (1 - 106)?
-59
Calculate -9 + 24 + (-96 - -107).
26
Calculate (-26 - (66 - 72)) + (7 - 123).
-136
Calculate -11 + (-12 - (4 - 29)) + 1.
3
What is 17 + -2 - (-867 + 853 - (-82 + -2))?
-55
Calculate (1 - -1) + (2 - -36 - (21 - 23 - -14)).
28
Evaluate -60 + (-21 + -6 - -2 - (-7 + -6)).
-72
What is (16 - (-5 - -35) - 0) + -99?
-113
What is 1 + -4 - (5 + 59) - (-85 - -257 - 169)?
-70
1 + -5 - ((-125 - -38) + 39)
44
409 + -301 + (-13 - 1) + -6
88
What is (0 + 5 - (-33 - -29)) + (47 - 15) + -24?
17
What is the value of 29 + 7 + (34 - 87) - 37?
-54
(-61 - -129) + -48 + 2
22
What is 53 - 42 - ((209 - 270) + 13 + 2)?
57
Calculate -19 + (-100 - (-148 + 113)).
-84
What is (22 - (7 + 2) - 30) + 103 + -87?
-1
Calculate 14 - ((145 - (11 - -9)) + -8).
-103
Calculate -34 + -68 + -119 + 109.
-112
Calculate -2 - 33 - (-17 + 0 + 42 + -41).
-19
What is the value of 1 